{"id":455,"date":"2012-07-10T09:27:48","date_gmt":"2012-07-10T07:27:48","guid":{"rendered":"http:\/\/www.fusionoderso.de\/?page_id=455"},"modified":"2012-07-10T09:39:06","modified_gmt":"2012-07-10T07:39:06","slug":"fusion-oder-so%e2%80%a6","status":"publish","type":"page","link":"http:\/\/www.fusionoderso.de\/?page_id=455","title":{"rendered":"Fusion, oder so\u2026"},"content":{"rendered":"<p>mit Jana Schmidt und Andreas A. K\u00f6hler<\/p>\n<div id=\"attachment_471\" style=\"width: 320px\" class=\"wp-caption alignright\"><a rel=\"attachment wp-att-471\" href=\"http:\/\/www.fusionoderso.de\/?attachment_id=471\"><img loading=\"lazy\" decoding=\"async\" aria-describedby=\"caption-attachment-471\" class=\"size-full wp-image-471\" title=\"Foto, oder so...\" src=\"http:\/\/www.fusionoderso.de\/wp-content\/uploads\/2012\/07\/fusionoderso.jpg\" alt=\"Team\" width=\"310\" height=\"206\" srcset=\"http:\/\/www.fusionoderso.de\/wp-content\/uploads\/2012\/07\/fusionoderso.jpg 310w, http:\/\/www.fusionoderso.de\/wp-content\/uploads\/2012\/07\/fusionoderso-300x199.jpg 300w\" sizes=\"auto, (max-width: 310px) 100vw, 310px\" \/><\/a><p id=\"caption-attachment-471\" class=\"wp-caption-text\">Andreas A. K\u00f6hler und Jana Schmidt<\/p><\/div>\n<p style=\"text-align: justify;\">Jeden zweiten Dienstag im Monat wird es von 23 bis 24 Uhr schr\u00e4g auf LORA M\u00fcnchen 92.4.<br \/>\nSeit \u00fcber zehn Jahren gibt es Fusion, oder so\u2026<\/p>\n<p style=\"text-align: justify;\">Was spielen wir? Musik zum kennenlernen, wiederentdecken und genie\u00dfen.<br \/>\nMal ernsthaft, mal mit weniger Anspruch, auch gerne mal schr\u00e4g, chillig oder lustig. Nur keine Verschnaufpause!<\/p>\n<p style=\"text-align: justify;\">Wir spielen die Musik die jeder mag, die aber nirgendwo anders stattfindet. Oder die jeder m\u00f6gen w\u00fcrde wenn er sie nur h\u00f6ren k\u00f6nnte. Daf\u00fcr sind wir hier!<\/p>\n<p style=\"text-align: justify;\">In den siebziger Jahren entstand aus der Mischung von Jazz und Rock eine neue Musikrichtung namens Fusion.<br \/>\nFusion, oder so\u2026 steht aber nicht nur f\u00fcr Fusion sondern auch noch f\u00fcr Jazz, Artrock, Funk, Acidjazz, Bigband, Lounge, Blues, Avantgarde, Gitarrenvirtuosen, Klassik, Experimentelles, Newage, Sinnloses, Progressivrock, Zeitgen\u00f6ssische Musik, Freejazz und alles was dazwischen und daneben sitzt.<\/p>\n<p style=\"text-align: justify;\">Von Maceo Parker zu Andr\u00e9s Segovia, von Steve Vai zum Mahavishnu Orchestra, von Pink Floyd zu John Zorn. Zwischen durch noch Richard Cheese und Miles Davis und immer wieder etwas Neues aus dem Untergrund oder obskures von bekannten Musikern.<\/p>\n<p style=\"text-align: justify;\">Bei uns  spielt Sting mit John McLaughlin Jimi Hendrix nach. Bei uns gibt es garantiert NICHT Frank Zappas \u201eBobby Brown\u201c sondern alles Andere von ihm. Bei uns werden Symphonieorchester bei Beethoven und Mozart von Heavy Metal Bands begleitet. Es werden U2 und Michael Jackson verlounget und Phil Collins spielt wieder Schlagzeug.<\/p>\n<p style=\"text-align: justify;\">Und wenn wir uns mal aufraffen, wird demn\u00e4chst sogar noch ein Streichquartett von Hubschraubern begleitet.<\/p>\n<p style=\"text-align: justify;\">Einmal quer durch die Musikgeschichte und zur\u00fcck, selbstverst\u00e4ndlich auch mit einem kleinen Blick in die Zukunft.<br \/>\nBegleiten Sie uns jeden zweiten Dienstag im Monat von 23:00 bis 24:00 auf unserer Reise.<\/p>\n<p><a href=\"http:\/\/live.lora924.de:8000\/loramp3.mp3.asx\" target=\"_blank\">LORA M\u00fcnchen 92.4 Livestream<\/a><\/p>\n<p>Die Playlists unserer Sendungen finden sie <a href=\"http:\/\/www.fusionoderso.de\/?tag=playlist\">hier<\/a><\/p>\n<p>Und manchmal auch live auf <a href=\"http:\/\/twitter.com\/fusionoderso\" target=\"_blank\">Twitter<\/a><\/p>\n","protected":false},"excerpt":{"rendered":"<p>mit Jana Schmidt und Andreas A. K\u00f6hler Jeden zweiten Dienstag im Monat wird es von 23 bis 24 Uhr schr\u00e4g auf LORA M\u00fcnchen 92.4. Seit \u00fcber zehn Jahren gibt es Fusion, oder so\u2026 Was spielen wir? Musik zum kennenlernen, wiederentdecken und genie\u00dfen. Mal ernsthaft, mal mit weniger Anspruch, auch gerne mal schr\u00e4g, chillig oder lustig. [&hellip;]<\/p>\n","protected":false},"author":2,"featured_media":0,"parent":0,"menu_order":0,"comment_status":"open","ping_status":"open","template":"","meta":{"footnotes":""},"class_list":["post-455","page","type-page","status-publish","hentry"],"_links":{"self":[{"href":"http:\/\/www.fusionoderso.de\/index.php?rest_route=\/wp\/v2\/pages\/455","targetHints":{"allow":["GET"]}}],"collection":[{"href":"http:\/\/www.fusionoderso.de\/index.php?rest_route=\/wp\/v2\/pages"}],"about":[{"href":"http:\/\/www.fusionoderso.de\/index.php?rest_route=\/wp\/v2\/types\/page"}],"author":[{"embeddable":true,"href":"http:\/\/www.fusionoderso.de\/index.php?rest_route=\/wp\/v2\/users\/2"}],"replies":[{"embeddable":true,"href":"http:\/\/www.fusionoderso.de\/index.php?rest_route=%2Fwp%2Fv2%2Fcomments&post=455"}],"version-history":[{"count":20,"href":"http:\/\/www.fusionoderso.de\/index.php?rest_route=\/wp\/v2\/pages\/455\/revisions"}],"predecessor-version":[{"id":477,"href":"http:\/\/www.fusionoderso.de\/index.php?rest_route=\/wp\/v2\/pages\/455\/revisions\/477"}],"wp:attachment":[{"href":"http:\/\/www.fusionoderso.de\/index.php?rest_route=%2Fwp%2Fv2%2Fmedia&parent=455"}],"curies":[{"name":"wp","href":"https:\/\/api.w.org\/{rel}","templated":true}]}}